the tens digit of z?
2
Let o be 6*8/12 + -9. What is the units digit of (28/o)/((-32)/80)?
4
Let f be 27/5 + 10/(-25). Suppose -3*n + 62 = 3*w - n, 3*w = f*n + 97. Let l = 52 - w. What is the tens digit of l?
2
Let x be ((1 - 2)/1)/(1/(-3)). Let f = 44 - 16. What is the units digit of f + -8 - 1*x?
7
Let g(d) = -d - 1. Let p be g(-4). Suppose 0 = 3*l - p*t + 5*t - 5, 3*l - 6 = -3*t. Let w = 5 - l. What is the units digit of w?
4
Suppose 9 = -3*k + 12. What is the units digit of ((-6)/4)/(k/(32/(-12)))?
4
Let v = -29620 - 859. What is the units digit of 2/8 - v/116?
3
Suppose 18*b = 9555 + 4053. What is the units digit of b?
6
Suppose -56*u + 522 = -55*u. What is the hundreds digit of u?
5
What is the hundreds digit of (13 - 9)*3/((-12)/(-757))?
7
Let a(f) = -229*f - 87. What is the tens digit of a(-4)?
2
Let k(w) = 65*w - 4. Let n(v) = v + 1. Let p(u) = -k(u) - 5*n(u). What is the units digit of p(-1)?
9
Suppose 0*v = -12*v + 6012. What is the hundreds digit of v?
5
Let j(w) = 3*w**3 - 3*w**2 - 4*w + 5. Let n be j(5). What is the units digit of ((-14)/(-10) + -1)*2*n?
8
Let c(f) = -f**3 - 19*f**2 - 23*f - 21. Let y(n) = 2*n**2 + 23*n - 7. Let o be y(-11). What is the tens digit of c(o)?
6
Let u = 623 + -381. What is the units digit of u?
2
What is the thousands digit of (-9)/54*9 + (-3291)/(-2)?
1
Let b = -586 - -1030. Suppose b = 15*d - 246. What is the tens digit of d?
4
Let y = -118 - -161. What is the tens digit of y?
4
Let f(r) = 3*r**2 + 7*r + 2. Let p be f(-3). Suppose 4*q - p = 0, 0 = -k - 3*k - 5*q + 266. What is the tens digit of k?
6
Let f(i) = 4*i**2 - i. Let m be f(1). Let k = -169 + 169. Suppose 4*w + m*q = 8*q + 128, k = 2*w - 2*q - 64. What is the units digit of w?
2
Let p be 12 - (0 + (0 - -1)). Suppose 0 = 3*x - 5*w - 58, -4*x + 17 = -3*w - 42. Let b = p + x. What is the tens digit of b?
2
Let k(s) = 2*s**2 + 34*s - 87. What is the hundreds digit of k(20)?
3
Let f(g) = -3*g + 1. Let a be f(8). Let x = a + 28. Suppose 3 = -x*h + 33. What is the units digit of h?
6
Suppose -d = -j + 57 + 733, 3120 = 4*j + 4*d. What is the hundreds digit of j?
7
Let q(f) = -95*f**3 - 2*f**2 + 11*f + 5. What is the hundreds digit of q(-2)?
7
Let h(f) = f**2 - 13*f + 3. Let z be h(13). Suppose 0 = -4*s + z*s + 36. What is the units digit of s?
6
Let g(i) = i**2 + 33*i + 36. Let x(z) = 5*z**2 + 132*z + 143. Let u(t) = 9*g(t) - 2*x(t). What is the hundreds digit of u(22)?
2
Let z(p) = -p + 12. Let w(a) = a**2 + 11*a. Let b be w(-11). Suppose b*d - 16 = d. What is the units digit of z(d)?
8
Let k(j) = -2*j + 8. Let i be k(-4). Let w = i - -27. What is the units digit of w?
3
Let r(l) = l**2 + 2*l - 1. Let q = -36 + 28. What is the tens digit of r(q)?
4
What is the units digit of (-54)/(-81) - 106/(-3)?
6
What is the tens digit of 4 + 296022/90 - (-14)/(-105)?
9
Let s(b) = -b**3 - 12*b**2 - 11*b - 2. What is the units digit of s(-14)?
4
Let s = 309 + -74. What is the units digit of s?
5
What is the thousands digit of 3136/3 - 236/177?
1
Suppose 26*t - 26293 = 28541. What is the tens digit of t?
0
Suppose -3*l + 4*t + 172 = 0, 0 = -3*l - 5*t + 3*t + 166. What is the units digit of l?
6
Let w(f) = 474*f**2 - 19*f + 19. What is the units digit of w(1)?
4
Let a(p) = -p + 7. Let l = 12 + -5. Let h be a(l). Suppose -c + 9 = -h*c. What is the units digit of c?
9
Suppose -78445 = -27*t + 67868. What is the hundreds digit of t?
4
Suppose -4*d + 13 + 7 = 0. Suppose -3*p = -p + 2*r - 86, -55 = -p - d*r. What is the units digit of p?
0
Suppose -4*y - 22 = -3*i, -2*y + y - 2*i = 11. Let a = y - -5. Let k(o) = -o**3 + 2*o**2 + 4*o + 2. What is the units digit of k(a)?
0
What is the hundreds digit of 11104/5 + 1 - 81/(-405)?
2
Suppose 0 = 8*c - 289 - 1295. Suppose -z - 3*z = 552. Let q = z + c. What is the tens digit of q?
6
Let a be (-4)/2*18/(-12). Suppose a*u = 2*u + 270. What is the tens digit of (-2)/4 + u/12?
2
Let a = -10 - -16. Suppose -a*d + 15 = -d. Suppose 56 + 55 = d*y. What is the units digit of y?
7
Let m be (4/10)/((-8)/(-40)). Let v be (m/4)/((-2)/(-12)). Suppose 2*p + 75 = 3*k + p, 0 = -v*k - p + 69. What is the tens digit of k?
2
Suppose -3*c + 14 = 4*k - 10, -2*k - 3*c = -18. Suppose -d = -b + 16, 1 = 4*b - d - 51. Suppose 0*l = -k*l + b. What is the units digit of l?
4
Suppose -2*i + 2*m - 3*m = -1868, 2789 = 3*i - 5*m. What is the tens digit of i?
3
Suppose 4*f + f = -25, 5*r = f - 595. Let y = r - -218. What is the tens digit of y?
9
Suppose 0 = 5*h + 3*w - 12985, -9*w - 2589 = -h - 8*w. What is the hundreds digit of h?
5
Let y = 710 - 365. What is the hundreds digit of y?
3
Suppose 0 = -3*q + 3 + 12. Suppose 0*j + q = j. What is the units digit of 1*(-1 + j + 1)?
5
Let v be 11*-8 + 6 - (-1)/(-1). Let g = v + 201. What is the units digit of g?
8
Let z = -307 + 597. What is the units digit of z?
0
Let d = 134 + -31. What is the tens digit of d?
0
Let t(r) = -8*r + 3 - 4 + r. Suppose 20 - 26 = b. What is the tens digit of t(b)?
4
Suppose 0 = -2*h - 6 - 0. Let d be ((-16)/h)/((-4)/(-6)). Suppose 0 = -d*k + 3*k + 60. What is the units digit of k?
2
Suppose -545 = -4*p - 17. Suppose a + p = 3*a. What is the tens digit of a?
6
Let b = 13 - 13. Suppose 2*j + 2*s - 7*s - 33 = b, -2*s = 4*j - 6. Suppose -4 = p - j*g, -4*p + g + 43 = -1. What is the tens digit of p?
1
Suppose -3*z = -1247 + 503. Suppose 0 = -4*d - 4*l - 0*l + 56, 0 = 3*d - 5*l - 26. What is the units digit of (-2)/(-6) + z/d?
1
Let h = 17 + 0. Let p = h + -8. Suppose 2*v - p = 3. What is the units digit of v?
6
Let p(j) = j**3 - 13*j**2 - 15*j + 30. Let k be p(14). What is the tens digit of k/(0 - -2) - (9 - 11)?
1
Suppose 0 = 5*i + 5*v - 20, 4*i - 16 = 4*v + 32. Let p be 4/i*2 - -15. Suppose -219 = -3*h + 5*b - p, 0 = -2*b - 8. What is the tens digit of h?
6
Suppose 4*v = 4*w - 12, 0 = -5*v + 2*w + 6 - 30. What is the units digit of (76/8 + v)/(1/78)?
3
Let d(b) = 15*b - 12. Suppose 6*r - 60 = 2*r. What is the hundreds digit of d(r)?
2
Let h = -3384 - -7469. What is the thousands digit of h?
4
Let p be (-1136)/(-6) + 1 - 7/21. Suppose -p = -3*g - 2*g. What is the units digit of g?
8
What is the units digit of 620 - (-48)/(-42)*7?
2
Suppose 30 + 190 = -5*y. Let m = 15 - y. What is the units digit of m?
9
Let u be 4 - (3 - -1) - 1. Let i(j) = 7*j + 2. Let m be i(u). What is the units digit of m/(-2)*(-42)/(-15)?
7
Suppose 4*a = -2*b + 10, -a + 13 = 4*b - 0*b. Suppose 0 = -b*f + 7*f - 32. Suppose 0 = n - f - 3. What is the units digit of n?
1
Let p = 2331 - 1243. Suppose -3*g - 4*s = -390 - 426, 4*g = 2*s + p. Suppose g = 5*l + 72. What is the tens digit of l?
4
Suppose 0 = 29*z - 32*z + 1908. What is the tens digit of z?
3
Suppose 5 = 4*p - 7, -1691 = -4*h - p. What is the units digit of h?
2
Let t = 12 + 168. Suppose 0 = 2*b - 12*b + t. What is the tens digit of b?
1
Let b(d) = 6*d**2 - d - 2. Suppose -5*y - 5 = -3*s, -4*y + 24 = -5*y - 4*s. What is the tens digit of b(y)?
9
Let d(i) = -32*i - 10. Let j be d(-6). Suppose 0 = 4*k - j + 30. What is the units digit of k?
8
Let k be ((-14)/4)/((-5)/10). Suppose 215 = k*u - 2*u + 5*a, 0 = 3*u - 3*a - 111. What is the tens digit of u?
4
Suppose -67*h = -141156 + 39986. What is the units digit of h?
0
Let y = 16 - 14. Let t be (-88)/(-16) - 1/y. Suppose 0 = -2*r - 4*h + 28, -34 = -t*r + 5*h + 6. What is the units digit of r?
0
Let z = -39 - -77. Let a(p) = 15*p - 29*p - 1 - z*p + 4*p. What is the tens digit of a(-1)?
4
What is the units digit of (5 + 112/(-21))*-4089?
3
Let a = 84 - 82. Let z(v) = 3*v**3 - 4*v**2 + 5*v - 1. What is the units digit of z(a)?
7
Let z(c) = -c**2 - 26*c - 22. Let i be z(-15). Let a = 24 + i. What is the hundreds digit of a?
1
Let m(p) = -p**2 + 25. Let q be m(-5). Let v(r) = -r**2 + 1 + r - 4*r**3 + 0*r**3 + 3*r**3. What is the units digit of v(q)?
1
Let h be (3 + -5)/(2/(-5)). Let y(d) = -4 + h*d - 1 + 0 - 6. What is the units digit of y(8)?
9
Let r = -253 + 1250. What is the tens digit of r?
9
Suppose -9*q + 179 = -8*q. Suppose -3*l = 4*t - 200, 5*l + q = 5*t - 106. What is the tens digit of t?
5
Let f(y) = -4*y - 6. Let h(v) = v + 7. Let c be h(-5). Let t be (c/3)/(24/(-252)). What is the tens digit of f(t)?
2
Suppose -37*u + 42*u = 1660. What is the tens digit of u?
3
Let o = -14 + 7. Let t(n) = n**2 - 11*n